of 4 + -6 + (5 - 2)?
1
Evaluate -1 + 7 + (-54 - -51).
3
Evaluate -6 + 7 - (-3 - (3 - 2)).
5
-6 + 0 + 6 + 2 + -6
-4
Evaluate -2 - (-9 + 11 + 7 + -4).
-7
Evaluate (2 - -1 - 4) + (-2 - 2).
-5
Calculate -2 - 1 - (-3 + -2).
2
13 + -12 + (1 + -4 - -2)
0
Evaluate 4 + (8 - -5) + -5 + -6.
6
What is the value of (-1 - -1) + 1 + -1 + 2?
2
Calculate -7 - -3 - -1 - -9.
6
What is the value of 2 - 5 - (107 - 103)?
-7
Calculate -2 - -2 - (1 - 2).
1
Evaluate 43 + -41 - (0 - (-1 + -1)).
0
Evaluate 3 + 0 - (4 + 7).
-8
Calculate (-2 + 1 - 3) + (4 - 4).
-4
1 + (0 - 2) + -2
-3
Calculate 1 - (14 + -16 + 12).
-9
-1 + -5 + 2 + -1
-5
(6 - 8 - (-1 - 1)) + -6
-6
What is the value of 11 - (-23 + 12 - -18)?
4
Calculate (-2 - (3 + -2)) + 9 + -2.
4
What is the value of -3 - (1 + -4) - -4?
4
Calculate 1 - -4 - 8 - 1.
-4
Calculate 1 + -3 + -1 - (0 - 5).
2
What is the value of 2 - (0 + -3 - -3)?
2
Calculate 1 - 9 - (-23 + 25 + -4).
-6
What is the value of 2 + (0 - (-4 - -3) - 4)?
-1
Calculate 0 + -1 + 7 - 2.
4
What is the value of (-1 - 7) + 9 + 3?
4
What is 0 + -5 - (-3 + (3 - 3))?
-2
Evaluate 3 + -4 + -4 + 10.
5
What is 215 - 216 - ((1 - 2) + -1)?
1
What is the value of -2 + (-2 - -4 - (3 - -1))?
-4
Evaluate 15 + (-2 + 0 - (40 + -36)).
9
Calculate (-3 - (0 - 7)) + -1 + 0.
3
Calculate (-147 - -147) + (1 - 6 - -1).
-4
What is the value of (-6 - -1) + 8 - (0 - -4)?
-1
What is the value of -72 - -71 - (1 - 3)?
1
-1 - 0 - (49 - 53)
3
-4 + -1 + -5 - (2 - 7)
-5
What is the value of -3 - (-5 + -11) - 14?
-1
Calculate (-1 + -1 - -3) + 1 + -3.
-1
What is (1 - -5) + (46 - 47)?
5
What is -5 + 2 + -1 + -1 + 2?
-3
Evaluate 2 + -3 + 1 + -7.
-7
What is -2 + 2 + 3 + -2 + 1?
2
What is the value of (-1 - -4) + 12 + (-1 - 6)?
8
What is (-1 - (-2 - -4)) + 12 + -9?
0
What is -1 - -1 - (55 - 61)?
6
Evaluate 5 - (-3 - (-5 - 4)).
-1
Calculate (-3 - -2) + 10 + -4.
5
What is 2 + -5 - (0 + -8 + 4)?
1
Calculate 55 - 49 - (-1 - -5).
2
Evaluate -5 - -5 - -5 - 1.
4
Evaluate 22 - (18 - 4) - 7.
1
What is the value of 3 - (2 - -1) - 0?
0
What is the value of -5 - (-10 + 1) - 1?
3
Evaluate -10 - (2 - (-5 - -6)) - -6.
-5
What is the value of 2 - (5 - (0 - -3))?
0
Evaluate 0 - ((-7 + 4 - -5) + 4).
-6
What is -1 + 3 + (-5 - -1) + 8?
6
What is the value of -1 + (3 - 2) + 0 - 4?
-4
What is 6 + (-3 - (-4 - (3 - 9)))?
1
What is 2 + (4 - (-2 + (-5 - -6)))?
7
-1 - (1 - (-3 + (2 - -4)))
1
What is (3 - -1) + (-5 - 0)?
-1
What is the value of 11 - 13 - (0 + -3)?
1
What is 1 + -5 + (4 - 2)?
-2
Evaluate -4 + 0 + (20 - 15).
1
What is the value of 0 + -8 + 5 + 2 + 7?
6
What is the value of (1 - (1 - 2)) + -3?
-1
What is the value of 0 + (-2 - (-3 + 0 + 0))?
1
Evaluate 2 + 0 + 2 + 1.
5
What is 0 - (1 - (-1 + 6 + 0))?
4
Evaluate -1 + 5 + -5 - (17 - 10).
-8
Calculate 1 + (2 - 3 - -1).
1
What is -1 - (2 - (-4 + (0 - 0)))?
-7
2 + (-3 - (0 - (3 - -2)))
4
What is the value of -3 + (4 - (5 + -4))?
0
Evaluate 2 + -2 + (4 - 1).
3
What is the value of 15 - ((2 + 3 - -1) + 1)?
8
0 + (-3 - -2) + 4
3
What is -2 + 2 - (-82 - -90)?
-8
Evaluate -7 + 0 + 0 + 3 + -1.
-5
5 - (0 + 5 - (5 - 5))
0
What is 14 + 7 + -4 + -14?
3
Evaluate 22 - 3 - (14 + -2).
7
What is the value of 9 - (-5 - 4 - -24)?
-6
Evaluate (-3 - -5) + 8 - 6.
4
Evaluate -1 - 2 - (-16 - -14).
-1
What is the value of (-7 + 7 - -5) + 1?
6
What is (5 - 4) + -9 + 3?
-5
2 + -7 + (-4 - -8)
-1
What is the value of 3 + 0 - ((-19 - -9) + 8)?
5
Calculate (-3 - 12) + (-23 - -32).
-6
What is the value of -3 - (4 + 3 - 13)?
3
What is the value of -5 - (-4 - (4 + -3))?
0
What is the value of 5 - ((-3 - (-3 - -2)) + 6)?
1
Calculate -7 + (-1 - 0) + 9.
1
Evaluate (5 - 6 - -1) + -7.
-7
-1 + -2 + (25 + -10 - 10)
2
Evaluate 0 + (-10 - -5 - -7).
2
What is the value of 13 - 7 - -1 - 7?
0
Calculate 1 + -3 + -1 + 2 + -4.
-5
Evaluate -1 + (1 - (4 + -2)).
-2
What is 1 + -3 - (-6 + 2) - 7?
-5
Evaluate 2 + -3 + (-5 - -5) + -1.
-2
-7 + 9 + -1 + -6 + 4
-1
Calculate -8 - 2 - -5 - -12.
7
-9 - ((2 - -1) + 1) - -6
-7
Calculate 6 - ((-3 - -3) + 5).
1
Evaluate 3 + (-5 - -2) + -5 + 0.
-5
2 + -4 + -1 + 5
2
What is (-3 - -8) + 1 - (10 - 14)?
10
1 - -4 - (3 - 3)
5
Evaluate (4 + 2 + -11 - -1) + 5.
1
What is the value of (-5 + 1 - -2) + (-11 - -7)?
-6
What is (4 - 2) + (-11 - -3)?
-6
What is the value of 9 - (6 + 5 + -4)?
2
Calculate 3 + (-9 - -2 - -1).
-3
Evaluate 13 - (16 - 8 - -3).
2
What is 2 + -1 - 0 - -3?
4
What is the value of (1 - -2) + 1 - (37 + -22)?
-11
Evaluate 5 + -8 - 3 - -1.
-5
What is -16 - (51 + -52 - (1 - -5))?
-9
What is the value of (1 - -1) + -7 - 0?
-5
What is the value of 3 - (-4 + -5 + 0 + 11)?
1
What is (-4 - (1 - 6)) + -1 + -2?
-2
What is -1 + (3 - -3) - (4 + -1)?
2
(21 - 25) + (13 - -1) - 5
5
5 + -2 + -2 - 6
-5
Calculate -14 + 20 + (3 - 7).
2
What is (13 - (-1 + 11)) + -10?
-7
-10 + 15 + -3 - (0 + -2)
4
What is the value of -1 + (-2 - -4) - -3?
4
Calculate -10 - (-2 - (0 - -6) - -6).
-8
What is -2 + 0 - (-8 - (-8 - -9))?
7
Evaluate -10 - -7 - (-3 + (-2 - -9)).
-7
Evaluate (-4 + 3 - (-4 + -1)) + -2.
2
6 + -4 + -6 + -1 + 0
-5
What is the value of -1 + (-7 + 16 - 3)?
5
What is (0 - 11) + (-3 - -12)?
-2
What is 9 + -2 - (16 + -7)?
-2
((4 - 0) + -4 - 3) + 2
-1
What is -2 - -1 - (-9 - (-8 + -3))?
-3
-5 + 3 + 9 + -7 + 4
4
What is the value of -1256 + 1258 + (0 - (-1 + 5))?
-2
Calculate 1 + -1 - (1 + -5 - -4).
0
What is the value of (-3 - -1) + -1 + 8?
5
-9 - (8 - 11) - -9
3
What is 8 + -1 - (7 - 4)?
4
What is the value of -3 - (-1 + 0 + (1 - 3))?
0
What is the value of 1 - 0 - (1 - (3 - -2))?
5
Evaluate 32 - 37 - (0 - -2 - 1).
-6
Evaluate 0 - (2 - 0 - -2).
-4
(108 - 117) + (-1 - -7)
-3
3 + 0 + 11 + -16
-2
What is -3 + 5 + -6 + -3 + 1?
-6
What is -12 + 7 + -9 + 6?
-8
What is the value of 29 + -11 + -12 - -4?
10
Evaluate 10 + (3 - 14) - -5.
4
What is the value of 0 - (5 + -4) - -5?
4
What is the value of -5 - (-1 - 2 - 5)?
3
What is -4 + 0 - (107 + -118)?
7
5 - (-1 + -6 + (5 - -1))
6
Calculate (42 - 40) + 0 + -1.
1
What is (-7 - (1 - 2)) + 1 + 0?
-5
-7 + 2 - (-21 - -25) - -8
-1
(3 - ((-4 - -7) + -4)) + 3
7
What is (5 + -9 - 9) + 3?
-10
Calculate (4 + -1 - 2) + 1 + -2.
0
-5 - (1 + -4) - (3 + 0)
-5
Calculate -7 + -4 + (6 - (-1 - 0)).
-4
Calculate -3 - (3 + -7) - (16 + -16).
1
21 - 11 - 9 - 3
-2
Evaluate -1 - (-10 + (0 - (0 + -4))).
5
What is 5 + (-9 - 3) + 5?
-2
What is the value of 2 + (-18 - -7) + 2?
-7
-15 + 1 + 10 + -9 - -5
-8
(13 + (-8 - -4) - 2) + -3
4
Calculate 0 + 8 + -3 - 4 - 2.
-1
Evaluate (-8 + 8 - 7) + 8.
1
Evaluate 8 - (-3 + 13 + -9).
7
What is the value of -3 - (-14 - (-10 + 7))?
8
Evaluate (3 - (-5 - -7)) + 0.
1
What is 3 + 0 + -4 + (6 - 6)?
-1
3 + 1 + -5 + 0 + 2
1
What is (-11 + 6 - -8) + 1 + -1?
3
What is 7 - 3 - 4 - (-1 + -1)?
2
What is -9 - (-21 - -4) - 1?
7
What is -1 - (-4 - (-1 + 0 - 2))?
0
Calculate 0 - -2 - (8 + -5).
-1
(6 + -8 - (9 - 5)) + 9
3
What is the value of (5 - (4 + -5)) + -5?
1
Evaluate 3 + 7 + (-1 - 5) - 3.
1
What is the value of -3 + (-6 - -5) - -1?
-3
What is the value of 1 - 9 - (0 + -6)?
-2
Calculate (2 - 1) + (-6 - -2).
-3
What is -7 + (-3 - -4 - (2 + -3))?
-5
What is -30 + 32 - (1 + -2)?
3
Calculate 3 + 0 + -56 + 57 + -13.
-9
What is the value of -8 - (1 - 15) - 2?
4
What is the value of -1 + 5 + (-3 - -3)?
4
Calculate -7 + 2 + 10 + (1 - 3).
3
Calculate 6 + 4 + -8 - 5 - 2.
-5
What is the value of -3 - ((-1 - 1) + 3)?
-4
0 + 1 - -1 - 5
-3
Evaluate 2 + -5 + 11 - 4.
4
7 - 9 - (-1 + -4)
3
Evaluate 5 + -1 + -11 + 5.
-2
Calculate -4 + (13 - -3) - 11.
1
Calculate 3 - (10 + (-10 - -2)).
1
-1 + -3 + (11 - 10)
-3
Calculate -2 - (2 - 4 - (1 + -2)).
-1
Calculate 1 + -23 + (-7 - -19).
-10
(4 - 13) + 7 - 3
-5
Evaluate -3 + 3 + (-1 - -1).
0
Evaluate -6 - ((-2 - -1) + -10).
5
What is -8 - (-1 + (0 + 2 - 5))?
-4
What is (8 - (18 + -4)) + -1?
-7
What is -1 + 7 + -2 + (-12 - -10)?
2
0 + -2 + 7 - -2
7
Calculate 17 + -14 - (3 - 3) - -7.
10
What is -13 - (-4 + 0 - 5)?
-4
What is the value of -8 + -1 + (-4 - (-12 - -2))?
-3
-6 - (-1 + -20 + 8)
7
1 + -5 + -2 + 1
-5
Calculate 1 + (3 - (-3 - -5)).
2
Calculate 9 + -9 - (-17 + 18).
-1
Evaluate -2 + 1 - (9 + -7).
-3
Calculate -3 + 0 + 0 + -4 + 6.
-1
What is (-2 - -6) + -3 + 1?
2
2 + (-10 - 2) - (66 + -65)
-11
What is the value of (4 - (0 - 10)) + -5?
9
Calculate (22 - 18) + (-9 - 0).
-5
What is 5 - (1 + -10 - -10)?
4
1 + 6 + -9 + 3
1
What is